hest common factor of v and u?
24
Let c = -435 - -695. Suppose 3*s = w + 163, 0*s + 4*w + c = 5*s. Let m be 25/4 - 6/(-8). What is the highest common factor of s and m?
7
Let j(s) = -s + 2. Let p be j(-3). Suppose c - 12 = p*c, t + 3*c = -4. Suppose -2 = t*g - 17. What is the highest common factor of g and 9?
3
Suppose -4*q + 6 = 30. Let v = -3 - q. Let i be (-2)/((-18)/21)*v. What is the greatest common divisor of 7 and i?
7
Let s(h) = 2*h**2 + 10*h - 25. Let j be s(5). Calculate the highest common factor of 30 and j.
15
Suppose f - 34 = -4*i + 61, -f = 3*i - 96. Calculate the highest common factor of f and 11.
11
Let d(w) = -31*w**3 + 2*w + 1. Let h be d(-1). Calculate the greatest common divisor of h and 5.
5
Let v = 21 - 1. Calculate the greatest common divisor of 140 and v.
20
Let s = 2 + 5. Suppose -2*v - s = -3*v + o, 3*o + 23 = 4*v. Calculate the highest common factor of v and 3.
1
Let s = 4 + -2. Let u = -3 + 5. Let m be u*3*11/3. Calculate the highest common factor of m and s.
2
Suppose 3*n = 2*o + 2 - 5, 0 = 2*o - 5*n - 5. Suppose -b + 4 = -o. Calculate the greatest common divisor of 32 and b.
4
Let x(r) = -r**2 + 6*r + 5. Let c be x(5). Suppose 0*n = 2*n - 20. Calculate the greatest common factor of c and n.
10
Let l(u) = u**2 + 9*u + 1. Let d be l(-10). What is the greatest common divisor of d and 55?
11
Suppose 2 = -5*t + 42. What is the highest common factor of 1 and t?
1
Let d(h) = h**2 + 3*h - 10. Let q be d(-9). Suppose 4*k = -0 + 16. What is the highest common factor of k and q?
4
Suppose -3*d + 4*l + 12 = 0, -3*l - 16 = -7*d + 3*d. Suppose -13*f = -18*f + 40. What is the highest common factor of f and d?
4
Let x be 47/4 + (-12)/16. What is the highest common factor of x and 88?
11
Let n(u) = 3*u**2 - 8*u + 4. Suppose 20 = 4*m - 5*v, 2*v = 3*m - 0*v - 15. Let j be n(m). Calculate the greatest common factor of j and 13.
13
Let m(w) = -w**3 - 5*w**2 - 5*w - 2. Let k be m(-4). Calculate the highest common divisor of k and 18.
2
Suppose -j = 4*q - 23, 4*q - 3*j - 21 = q. Let u(r) = -r + 23. Let b be u(-7). What is the greatest common divisor of b and q?
6
Suppose 5*i - p = 27 - 6, 0 = -4*p - 4. What is the highest common factor of 10 and i?
2
Suppose 0 = -2*l + l + 30. Suppose -m + 3 = -1. Let t(f) = -f**3 + 6*f**2 - 7*f + 6. Let r be t(m). Calculate the highest common divisor of r and l.
10
Let k(w) = w**2 - 6. Let o be (-26)/(-4) + 4/(-8). Let a be k(o). Calculate the highest common divisor of 10 and a.
10
Suppose 576 = 3*y + y. Calculate the greatest common divisor of 16 and y.
16
Suppose 0 = -n - 2*n - 57. Let h = n - -37. What is the highest common factor of h and 45?
9
Let p = -17 - -33. Let v = p + -8. What is the highest common divisor of 8 and v?
8
Let v be ((-8)/((-64)/(-36)))/(1/(-6)). What is the greatest common factor of 9 and v?
9
Let b(k) = -35*k**3 + 2*k**2 - 2*k + 1. Let s be b(1). Let j = -9 - s. What is the highest common divisor of 5 and j?
5
Let w be 3 - ((-1)/7 + 246/(-42)). What is the highest common factor of 6 and w?
3
Suppose p + 5*a - 40 = -p, 0 = 2*p + 4*a - 38. Suppose c + 3*y - 2*y = 6, 18 = 2*c + 4*y. What is the greatest common divisor of c and p?
3
Suppose w - 4*b + 4 = -2*b, 2*w + b = 12. Suppose -w*c = -c - 48. What is the highest common factor of c and 40?
8
Suppose 5 = 2*n + 3. Let h(z) = z**3 + 5*z**2 - 5*z + 8. Let x be h(-6). Suppose n = -x*g + 3. Calculate the highest common divisor of g and 3.
1
Let p = 18 - 9. Let l = 13 - p. Let r be 2/l*(-132)/(-3). Calculate the greatest common factor of 55 and r.
11
Let i = 48 + -19. Calculate the highest common divisor of 203 and i.
29
Let w(o) = 3*o + 0 - 1 + o. Let v be w(-6). Let p = -15 - v. What is the greatest common factor of p and 30?
10
Let m(y) = -7*y + 3. Suppose -4*n = 5 + 7. Let w be m(n). Let b = 8 - 5. Calculate the highest common factor of w and b.
3
Let u(a) = 8*a**3 + 4*a**2 - 2*a + 10. Let w be u(3). Calculate the highest common divisor of w and 32.
32
Let o be -30 - -3*(-3)/9. Let s = o - -20. Let u(f) = f**3 + 11*f**2 - 4*f - 11. Let t be u(s). What is the greatest common factor of 22 and t?
11
Let a = -24 + 31. Suppose -4*k - 4*s + 5 = -s, 5*k + 3*s - a = 0. What is the greatest common divisor of 2 and k?
2
Suppose z - 17 = 3. What is the greatest common factor of 4 and z?
4
Let v be (-9)/2*(-2 + 0). Suppose -3*q = -458 - 19. Suppose 4*r - 3*d = q, 0*r + 5*d = -r + 11. Calculate the greatest common factor of r and v.
9
Suppose 0 = -3*w + 78 + 705. What is the highest common divisor of w and 29?
29
Suppose 0*a = 2*a - 16. Calculate the greatest common factor of a and 8.
8
Suppose r + 3 = -2*k - 1, r + 4 = k. Suppose -4*q + 208 = -4*a, -q - a = -k*q - 60. Suppose 0*d + 35 = 5*d. Calculate the greatest common factor of d and q.
7
Suppose -5*b = 1 - 6. Let o be 2/(-3) + (-5)/(-3). What is the highest common factor of b and o?
1
Suppose 1 = r - 4*h, -3*r - h + 35 = 3*h. Let q be (-27)/6*(-12)/r. Calculate the highest common divisor of q and 42.
6
Let j be 18*((-20)/(-6))/1. Calculate the greatest common divisor of j and 24.
12
Suppose 3*y = -2*q + 4*q + 79, 5*y = 4*q + 133. Let b = 21 - -29. What is the highest common factor of b and y?
25
Let j = 21 - -63. Let r = j + -40. Calculate the greatest common factor of r and 11.
11
Let d(n) = -4*n - 3. Let t be d(-2). Let j(u) = 1 - 2 - 5 + 0 - 3*u + u**2. Let p be j(t). Calculate the highest common divisor of p and 20.
4
Let c be 136/10 + (-4)/(-10). Let p(y) = -5*y + 5 + 0 - 2. Let j be p(-5). What is the highest common divisor of c and j?
14
Suppose 2*n + 3*z - 63 = 0, 3*n + z = 2*n + 32. Calculate the greatest common factor of 44 and n.
11
Let y = -102 - -171. Suppose 5*d + 4*l = 250, -d - 2*l = -0*d - 56. What is the highest common divisor of y and d?
23
Suppose 34 = -5*r + 124. Let f be ((-2)/(-3))/(4/r). Suppose p = 2*o + 4*p - 18, -3*p = -f*o - 3. Calculate the greatest common divisor of o and 27.
3
Let f(s) = 5 + 2*s - s + 6*s**2 - 4. Let o be f(-3). What is the greatest common divisor of o and 13?
13
Suppose 0 = 5*c + 2*y - 5*y - 60, 3*c - 36 = y. Calculate the greatest common divisor of 84 and c.
12
Let z(c) = -4*c**3 + 1. Let w be z(-1). Suppose w*v + 197 = m, 2*m - 2*v = v + 380. Calculate the highest common divisor of m and 17.
17
Let x = -4 - -10. Let k be -1 + 14*x/4. Let i(p) = 7*p**2 + 3*p - 2. Let r be i(-2). Calculate the greatest common divisor of k and r.
20
Suppose b = -5*o + 4*o + 83, 2*b - 191 = 3*o. What is the highest common factor of b and 132?
44
Let u be 66/2*(-6)/9. Let x = -6 + 23. Let i = x - u. Calculate the highest common divisor of i and 13.
13
Suppose 0 = 5*j + 15, -a - 5*j - 14 = -0*a. Let g(d) = a - 8*d - 10*d - 2. Let b be g(-1). Calculate the highest common factor of b and 85.
17
Let r(b) be the third derivative of b**6/24 + b**5/60 + b**4/24 - b**3/6 + 3*b**2. Let x be r(2). Calculate the highest common factor of x and 5.
5
Let w(v) = -5*v**2 + v**3 - 4*v**3 + 2*v + 6*v**3. Let k be w(4). Suppose -5*i + k = -s, -2*s = 4*i - s - 105. Calculate the highest common factor of i and 10.
5
Let o(t) = -4*t + 38. Let w be o(6). Calculate the highest common divisor of w and 112.
14
Suppose 2*l - 47 = -3*b, 3*l = b + 6*l - 4. Suppose 3*i - 57 = -0*i. What is the highest common divisor of i and b?
19
Let g(r) = -r - 2. Let o be g(-9). What is the highest common factor of o and 49?
7
Let i(m) = m**3 + 2*m**2. Let y(d) = -d**3 - 2*d**2 + d + 1. Let j be y(-2). Let k be i(j). What is the greatest common divisor of k and 4?
1
Suppose -9*k = -12*k + 36. Calculate the highest common factor of k and 3.
3
Let y be -8*(-3 + 5/2). Suppose -3*n + 4*n - 98 = -3*x, 0 = 2*x + y*n - 52. Let a be (x - -2) + -2 - -1. Calculate the highest common factor of a and 7.
7
Suppose 3*o = -2*c + 14, -4*c + c = -4*o + 13. Calculate the greatest common factor of 36 and o.
4
Suppose -9 = -2*w + 11. Let z be (-2)/((-1)/15*3). Let r = z + w. What is the highest common factor of r and 8?
4
Let u be (-3 - -2) + 26/2. Let i = -32 + 92. What is the highest common divisor of i and u?
12
Let h(y) = 17*y - 5. Let i be h(-4). Let w = i + 113. What is the highest common divisor of 10 and w?
10
Let b be 1/(-1 - 57/(-54)). Let h be -2 + (-1 - (-3 - b)). Calculate the greatest common factor of h